{"id":9,"date":"2016-12-02T10:45:37","date_gmt":"2016-12-02T10:45:37","guid":{"rendered":"http:\/\/gravity.axiomthemes.com\/?page_id=9"},"modified":"2021-07-23T07:59:06","modified_gmt":"2021-07-23T07:59:06","slug":"leistungen","status":"publish","type":"page","link":"https:\/\/tischlerei-hartberger.at\/?page_id=9","title":{"rendered":"Leistungen"},"content":{"rendered":"<p>[vc_row][vc_column][vc_empty_space alter_height=&#8220;huge_minus&#8220; hide_on_mobile=&#8220;&#8220;]<div class=\"sc_services sc_services_default\"data-slides-per-view=\"3\" data-slides-min-width=\"200\"\t\t>\n\t\t<div class=\"sc_title_container\"><h1 class=\"sc_item_title sc_services_title sc_align_default sc_item_title_style_default sc_item_title_tag\">Unsere Leistungen<\/h1><\/div><div class=\"sc_services_columns sc_item_columns sc_item_columns_3 trx_addons_columns_wrap columns_padding_bottom\"><div class=\"trx_addons_column-1_3\"><div class=\"sc_services_item with_content with_icon sc_services_item_featured_top\">\n\t<a href=\"https:\/\/tischlerei-hartberger.at\/?cpt_services=interior\"\n\t\t\t id=\"sc_services_176211122_icon-icon1\"\n\t\t\t class=\"sc_services_item_icon icon-icon1\"\n\t\t\t ><\/a>\t\n\t<div class=\"sc_services_item_info\">\n\t\t<div class=\"sc_services_item_header\">\n\t\t\t<h4 class=\"sc_services_item_title\"><a href=\"https:\/\/tischlerei-hartberger.at\/?cpt_services=interior\">Einrichtungen<\/a><\/h4>\n\t\t\t<div class=\"sc_services_item_subtitle\"><a href=\"https:\/\/tischlerei-hartberger.at\/?cpt_services_group=leistungen\" title=\"View all posts in Unsere Leistungen\">Unsere Leistungen<\/a><\/div>\n\t\t<\/div>\n\t\t\t\t\t<div class=\"sc_services_item_content\"><p>Hochwertige Einrichtung nach Ma\u00dfarbeit aus Holz gibts bei uns zum Spitzenpreis!<\/p>\n<\/div>\n\t\t\t<div class=\"sc_services_item_button sc_item_button\"><a href=\"https:\/\/tischlerei-hartberger.at\/?cpt_services=interior\" class=\"sc_button sc_button_simple\">More info<\/a><\/div>\n\t\t\t<\/div>\n<\/div>\n<\/div><div class=\"trx_addons_column-1_3\"><div class=\"sc_services_item with_content with_icon sc_services_item_featured_top\">\n\t<a href=\"https:\/\/tischlerei-hartberger.at\/?cpt_services=furniture\"\n\t\t\t id=\"sc_services_176211122_icon-icon2\"\n\t\t\t class=\"sc_services_item_icon icon-icon2\"\n\t\t\t ><\/a>\t\n\t<div class=\"sc_services_item_info\">\n\t\t<div class=\"sc_services_item_header\">\n\t\t\t<h4 class=\"sc_services_item_title\"><a href=\"https:\/\/tischlerei-hartberger.at\/?cpt_services=furniture\">Ma\u00dfm\u00f6bel<\/a><\/h4>\n\t\t\t<div class=\"sc_services_item_subtitle\"><a href=\"https:\/\/tischlerei-hartberger.at\/?cpt_services_group=leistungen\" title=\"View all posts in Unsere Leistungen\">Unsere Leistungen<\/a><\/div>\n\t\t<\/div>\n\t\t\t\t\t<div class=\"sc_services_item_content\"><p>Sie brauchen alles passgenau?! Kein Problem wir kommen zu Ihnen und messen alles genauestens aus.<\/p>\n<\/div>\n\t\t\t<div class=\"sc_services_item_button sc_item_button\"><a href=\"https:\/\/tischlerei-hartberger.at\/?cpt_services=furniture\" class=\"sc_button sc_button_simple\">More info<\/a><\/div>\n\t\t\t<\/div>\n<\/div>\n<\/div><div class=\"trx_addons_column-1_3\"><div class=\"sc_services_item with_content with_icon sc_services_item_featured_top\">\n\t<a href=\"https:\/\/tischlerei-hartberger.at\/?cpt_services=montage\"\n\t\t\t id=\"sc_services_176211122_icon-tools\"\n\t\t\t class=\"sc_services_item_icon icon-tools\"\n\t\t\t ><\/a>\t\n\t<div class=\"sc_services_item_info\">\n\t\t<div class=\"sc_services_item_header\">\n\t\t\t<h4 class=\"sc_services_item_title\"><a href=\"https:\/\/tischlerei-hartberger.at\/?cpt_services=montage\">Montage<\/a><\/h4>\n\t\t\t<div class=\"sc_services_item_subtitle\"><a href=\"https:\/\/tischlerei-hartberger.at\/?cpt_services_group=leistungen\" title=\"View all posts in Unsere Leistungen\">Unsere Leistungen<\/a><\/div>\n\t\t<\/div>\n\t\t\t\t\t<div class=\"sc_services_item_content\"><p>Wir liefern und montieren ihre neuen M\u00f6bel bei Ihnen zuhause, sodass Sie sich um nichts<br \/>\nk\u00fcmmern m\u00fcssen.<\/p>\n<\/div>\n\t\t\t<div class=\"sc_services_item_button sc_item_button\"><a href=\"https:\/\/tischlerei-hartberger.at\/?cpt_services=montage\" class=\"sc_button sc_button_simple\">More info<\/a><\/div>\n\t\t\t<\/div>\n<\/div>\n<\/div><div class=\"trx_addons_column-1_3\"><div class=\"sc_services_item with_content with_icon sc_services_item_featured_top\">\n\t<a href=\"https:\/\/tischlerei-hartberger.at\/?cpt_services=handmade\"\n\t\t\t id=\"sc_services_176211122_icon-icon4\"\n\t\t\t class=\"sc_services_item_icon icon-icon4\"\n\t\t\t ><\/a>\t\n\t<div class=\"sc_services_item_info\">\n\t\t<div class=\"sc_services_item_header\">\n\t\t\t<h4 class=\"sc_services_item_title\"><a href=\"https:\/\/tischlerei-hartberger.at\/?cpt_services=handmade\">Handgefertigt<\/a><\/h4>\n\t\t\t<div class=\"sc_services_item_subtitle\"><a href=\"https:\/\/tischlerei-hartberger.at\/?cpt_services_group=leistungen\" title=\"View all posts in Unsere Leistungen\">Unsere Leistungen<\/a><\/div>\n\t\t<\/div>\n\t\t\t\t\t<div class=\"sc_services_item_content\"><p>Bei uns ist die Hanwerkskunst noch Tradition. So wurde uns das Wissen und die Praxis<br \/>\nder Herstellung von Lamellent\u00fcren und Holzfensterl\u00e4den weitergegeben.<\/p>\n<\/div>\n\t\t\t<div class=\"sc_services_item_button sc_item_button\"><a href=\"https:\/\/tischlerei-hartberger.at\/?cpt_services=handmade\" class=\"sc_button sc_button_simple\">More info<\/a><\/div>\n\t\t\t<\/div>\n<\/div>\n<\/div><div class=\"trx_addons_column-1_3\"><div class=\"sc_services_item with_content with_icon sc_services_item_featured_top\">\n\t<a href=\"https:\/\/tischlerei-hartberger.at\/?cpt_services=lamellentueren\"\n\t\t\t id=\"sc_services_176211122_icon-icon5\"\n\t\t\t class=\"sc_services_item_icon icon-icon5\"\n\t\t\t ><\/a>\t\n\t<div class=\"sc_services_item_info\">\n\t\t<div class=\"sc_services_item_header\">\n\t\t\t<h4 class=\"sc_services_item_title\"><a href=\"https:\/\/tischlerei-hartberger.at\/?cpt_services=lamellentueren\">Lamellent\u00fcren<\/a><\/h4>\n\t\t\t<div class=\"sc_services_item_subtitle\"><a href=\"https:\/\/tischlerei-hartberger.at\/?cpt_services_group=leistungen\" title=\"View all posts in Unsere Leistungen\">Unsere Leistungen<\/a><\/div>\n\t\t<\/div>\n\t\t\t\t\t<div class=\"sc_services_item_content\"><p>Lamellent\u00fcren sind unsere Spezialit\u00e4t und werden daher mit Leidenschaft zum Produkt hochwertig ausschlie\u00dflich in Eigenproduktion hergestellt.<\/p>\n<\/div>\n\t\t\t<div class=\"sc_services_item_button sc_item_button\"><a href=\"https:\/\/tischlerei-hartberger.at\/?cpt_services=lamellentueren\" class=\"sc_button sc_button_simple\">More info<\/a><\/div>\n\t\t\t<\/div>\n<\/div>\n<\/div><\/div><\/div><!-- \/.sc_services -->[vc_empty_space alter_height=&#8220;large&#8220; hide_on_mobile=&#8220;&#8220;][\/vc_column][\/vc_row][vc_row full_width=&#8220;stretch_row&#8220; css=&#8220;.vc_custom_1482335558073{background-image: url(http:\/\/gravity.axiomthemes.com\/wp-content\/uploads\/2016\/12\/home1_bg3.jpg?id=347) !important;background-position: center !important;background-repeat: no-repeat !important;background-size: cover !important;}&#8220;][vc_column][vc_empty_space alter_height=&#8220;huge_minus&#8220; hide_on_mobile=&#8220;&#8220;]<div id=\"sc_title_988768505\"\n\t\tclass=\"sc_title sc_title_default\"><div class=\"sc_title_container\"><h1 class=\"sc_item_title sc_title_title sc_align_center sc_item_title_style_inverse sc_item_title_tag\">Wir freuen uns auf Sie!<\/h1><\/div><\/div><!-- \/.sc_title -->[vc_empty_space alter_height=&#8220;large_minus&#8220; hide_on_mobile=&#8220;&#8220;][\/vc_column][vc_column][vc_empty_space alter_height=&#8220;huge&#8220; hide_on_mobile=&#8220;&#8220;][\/vc_column][\/vc_row]<\/p>\n","protected":false},"excerpt":{"rendered":"<p>[vc_row][vc_column][vc_empty_space alter_height=&#8220;huge_minus&#8220; hide_on_mobile=&#8220;&#8220;][vc_empty_space alter_height=&#8220;large&#8220; hide_on_mobile=&#8220;&#8220;][\/vc_column][\/vc_row][vc_row full_width=&#8220;stretch_row&#8220; css=&#8220;.vc_custom_1482335558073{background-image: url(http:\/\/gravity.axiomthemes.com\/wp-content\/uploads\/2016\/12\/home1_bg3.jpg?id=347) !important;background-position: center !important;background-repeat: no-repeat !important;background-size: cover !important;}&#8220;][vc_column][vc_empty_space alter_height=&#8220;huge_minus&#8220; hide_on_mobile=&#8220;&#8220;][vc_empty_space alter_height=&#8220;large_minus&#8220; hide_on_mobile=&#8220;&#8220;][\/vc_column][vc_column][vc_empty_space alter_height=&#8220;huge&#8220; hide_on_mobile=&#8220;&#8220;][\/vc_column][\/vc_row]<\/p>\n","protected":false},"author":1,"featured_media":0,"parent":0,"menu_order":0,"comment_status":"closed","ping_status":"closed","template":"","meta":{"footnotes":""},"class_list":["post-9","page","type-page","status-publish","hentry"],"yoast_head":"<!-- This site is optimized with the Yoast SEO plugin v16.7 - https:\/\/yoast.com\/wordpress\/plugins\/seo\/ -->\n<title>Leistungen - Tischlerei Hartberger<\/title>\n<meta name=\"robots\" content=\"index, follow, max-snippet:-1, max-image-preview:large, max-video-preview:-1\" \/>\n<link rel=\"canonical\" href=\"https:\/\/tischlerei-hartberger.at\/?page_id=9\" \/>\n<meta property=\"og:locale\" content=\"de_DE\" \/>\n<meta property=\"og:type\" content=\"article\" \/>\n<meta property=\"og:title\" content=\"Leistungen - Tischlerei Hartberger\" \/>\n<meta property=\"og:description\" content=\"[vc_row][vc_column][vc_empty_space alter_height=&#8220;huge_minus&#8220; hide_on_mobile=&#8220;&#8220;][vc_empty_space alter_height=&#8220;large&#8220; hide_on_mobile=&#8220;&#8220;][\/vc_column][\/vc_row][vc_row full_width=&#8220;stretch_row&#8220; css=&#8220;.vc_custom_1482335558073{background-image: url(http:\/\/gravity.axiomthemes.com\/wp-content\/uploads\/2016\/12\/home1_bg3.jpg?id=347) !important;background-position: center !important;background-repeat: no-repeat !important;background-size: cover !important;}&#8220;][vc_column][vc_empty_space alter_height=&#8220;huge_minus&#8220; hide_on_mobile=&#8220;&#8220;][vc_empty_space alter_height=&#8220;large_minus&#8220; hide_on_mobile=&#8220;&#8220;][\/vc_column][vc_column][vc_empty_space alter_height=&#8220;huge&#8220; hide_on_mobile=&#8220;&#8220;][\/vc_column][\/vc_row]\" \/>\n<meta property=\"og:url\" content=\"https:\/\/tischlerei-hartberger.at\/?page_id=9\" \/>\n<meta property=\"og:site_name\" content=\"Tischlerei Hartberger\" \/>\n<meta property=\"article:modified_time\" content=\"2021-07-23T07:59:06+00:00\" \/>\n<meta name=\"twitter:card\" content=\"summary_large_image\" \/>\n<meta name=\"twitter:label1\" content=\"Gesch\u00e4tzte Lesezeit\" \/>\n\t<meta name=\"twitter:data1\" content=\"1\u00a0Minute\" \/>\n<script type=\"application\/ld+json\" class=\"yoast-schema-graph\">{\"@context\":\"https:\/\/schema.org\",\"@graph\":[{\"@type\":\"Organization\",\"@id\":\"https:\/\/tischlerei-hartberger.at\/#organization\",\"name\":\"Tischlerei Hartberger\",\"url\":\"https:\/\/tischlerei-hartberger.at\/\",\"sameAs\":[],\"logo\":{\"@type\":\"ImageObject\",\"@id\":\"https:\/\/tischlerei-hartberger.at\/#logo\",\"inLanguage\":\"de\",\"url\":\"https:\/\/tischlerei-hartberger.at\/wp-content\/uploads\/2021\/07\/logo1-ganz.jpg\",\"contentUrl\":\"https:\/\/tischlerei-hartberger.at\/wp-content\/uploads\/2021\/07\/logo1-ganz.jpg\",\"width\":718,\"height\":85,\"caption\":\"Tischlerei Hartberger\"},\"image\":{\"@id\":\"https:\/\/tischlerei-hartberger.at\/#logo\"}},{\"@type\":\"WebSite\",\"@id\":\"https:\/\/tischlerei-hartberger.at\/#website\",\"url\":\"https:\/\/tischlerei-hartberger.at\/\",\"name\":\"Tischlerei Hartberger\",\"description\":\"Erzeugung von Lamellent\\u00fcren\",\"publisher\":{\"@id\":\"https:\/\/tischlerei-hartberger.at\/#organization\"},\"potentialAction\":[{\"@type\":\"SearchAction\",\"target\":{\"@type\":\"EntryPoint\",\"urlTemplate\":\"https:\/\/tischlerei-hartberger.at\/?s={search_term_string}\"},\"query-input\":\"required name=search_term_string\"}],\"inLanguage\":\"de\"},{\"@type\":\"WebPage\",\"@id\":\"https:\/\/tischlerei-hartberger.at\/?page_id=9#webpage\",\"url\":\"https:\/\/tischlerei-hartberger.at\/?page_id=9\",\"name\":\"Leistungen - Tischlerei Hartberger\",\"isPartOf\":{\"@id\":\"https:\/\/tischlerei-hartberger.at\/#website\"},\"datePublished\":\"2016-12-02T10:45:37+00:00\",\"dateModified\":\"2021-07-23T07:59:06+00:00\",\"breadcrumb\":{\"@id\":\"https:\/\/tischlerei-hartberger.at\/?page_id=9#breadcrumb\"},\"inLanguage\":\"de\",\"potentialAction\":[{\"@type\":\"ReadAction\",\"target\":[\"https:\/\/tischlerei-hartberger.at\/?page_id=9\"]}]},{\"@type\":\"BreadcrumbList\",\"@id\":\"https:\/\/tischlerei-hartberger.at\/?page_id=9#breadcrumb\",\"itemListElement\":[{\"@type\":\"ListItem\",\"position\":1,\"name\":\"Startseite\",\"item\":\"https:\/\/tischlerei-hartberger.at\/\"},{\"@type\":\"ListItem\",\"position\":2,\"name\":\"Leistungen\"}]}]}<\/script>\n<!-- \/ Yoast SEO plugin. -->","yoast_head_json":{"title":"Leistungen - Tischlerei Hartberger","robots":{"index":"index","follow":"follow","max-snippet":"max-snippet:-1","max-image-preview":"max-image-preview:large","max-video-preview":"max-video-preview:-1"},"canonical":"https:\/\/tischlerei-hartberger.at\/?page_id=9","og_locale":"de_DE","og_type":"article","og_title":"Leistungen - Tischlerei Hartberger","og_description":"[vc_row][vc_column][vc_empty_space alter_height=&#8220;huge_minus&#8220; hide_on_mobile=&#8220;&#8220;][vc_empty_space alter_height=&#8220;large&#8220; hide_on_mobile=&#8220;&#8220;][\/vc_column][\/vc_row][vc_row full_width=&#8220;stretch_row&#8220; css=&#8220;.vc_custom_1482335558073{background-image: url(http:\/\/gravity.axiomthemes.com\/wp-content\/uploads\/2016\/12\/home1_bg3.jpg?id=347) !important;background-position: center !important;background-repeat: no-repeat !important;background-size: cover !important;}&#8220;][vc_column][vc_empty_space alter_height=&#8220;huge_minus&#8220; hide_on_mobile=&#8220;&#8220;][vc_empty_space alter_height=&#8220;large_minus&#8220; hide_on_mobile=&#8220;&#8220;][\/vc_column][vc_column][vc_empty_space alter_height=&#8220;huge&#8220; hide_on_mobile=&#8220;&#8220;][\/vc_column][\/vc_row]","og_url":"https:\/\/tischlerei-hartberger.at\/?page_id=9","og_site_name":"Tischlerei Hartberger","article_modified_time":"2021-07-23T07:59:06+00:00","twitter_card":"summary_large_image","twitter_misc":{"Gesch\u00e4tzte Lesezeit":"1\u00a0Minute"},"schema":{"@context":"https:\/\/schema.org","@graph":[{"@type":"Organization","@id":"https:\/\/tischlerei-hartberger.at\/#organization","name":"Tischlerei Hartberger","url":"https:\/\/tischlerei-hartberger.at\/","sameAs":[],"logo":{"@type":"ImageObject","@id":"https:\/\/tischlerei-hartberger.at\/#logo","inLanguage":"de","url":"https:\/\/tischlerei-hartberger.at\/wp-content\/uploads\/2021\/07\/logo1-ganz.jpg","contentUrl":"https:\/\/tischlerei-hartberger.at\/wp-content\/uploads\/2021\/07\/logo1-ganz.jpg","width":718,"height":85,"caption":"Tischlerei Hartberger"},"image":{"@id":"https:\/\/tischlerei-hartberger.at\/#logo"}},{"@type":"WebSite","@id":"https:\/\/tischlerei-hartberger.at\/#website","url":"https:\/\/tischlerei-hartberger.at\/","name":"Tischlerei Hartberger","description":"Erzeugung von Lamellent\u00fcren","publisher":{"@id":"https:\/\/tischlerei-hartberger.at\/#organization"},"potentialAction":[{"@type":"SearchAction","target":{"@type":"EntryPoint","urlTemplate":"https:\/\/tischlerei-hartberger.at\/?s={search_term_string}"},"query-input":"required name=search_term_string"}],"inLanguage":"de"},{"@type":"WebPage","@id":"https:\/\/tischlerei-hartberger.at\/?page_id=9#webpage","url":"https:\/\/tischlerei-hartberger.at\/?page_id=9","name":"Leistungen - Tischlerei Hartberger","isPartOf":{"@id":"https:\/\/tischlerei-hartberger.at\/#website"},"datePublished":"2016-12-02T10:45:37+00:00","dateModified":"2021-07-23T07:59:06+00:00","breadcrumb":{"@id":"https:\/\/tischlerei-hartberger.at\/?page_id=9#breadcrumb"},"inLanguage":"de","potentialAction":[{"@type":"ReadAction","target":["https:\/\/tischlerei-hartberger.at\/?page_id=9"]}]},{"@type":"BreadcrumbList","@id":"https:\/\/tischlerei-hartberger.at\/?page_id=9#breadcrumb","itemListElement":[{"@type":"ListItem","position":1,"name":"Startseite","item":"https:\/\/tischlerei-hartberger.at\/"},{"@type":"ListItem","position":2,"name":"Leistungen"}]}]}},"_links":{"self":[{"href":"https:\/\/tischlerei-hartberger.at\/index.php?rest_route=\/wp\/v2\/pages\/9","targetHints":{"allow":["GET"]}}],"collection":[{"href":"https:\/\/tischlerei-hartberger.at\/index.php?rest_route=\/wp\/v2\/pages"}],"about":[{"href":"https:\/\/tischlerei-hartberger.at\/index.php?rest_route=\/wp\/v2\/types\/page"}],"author":[{"embeddable":true,"href":"https:\/\/tischlerei-hartberger.at\/index.php?rest_route=\/wp\/v2\/users\/1"}],"replies":[{"embeddable":true,"href":"https:\/\/tischlerei-hartberger.at\/index.php?rest_route=%2Fwp%2Fv2%2Fcomments&post=9"}],"version-history":[{"count":7,"href":"https:\/\/tischlerei-hartberger.at\/index.php?rest_route=\/wp\/v2\/pages\/9\/revisions"}],"predecessor-version":[{"id":1334,"href":"https:\/\/tischlerei-hartberger.at\/index.php?rest_route=\/wp\/v2\/pages\/9\/revisions\/1334"}],"wp:attachment":[{"href":"https:\/\/tischlerei-hartberger.at\/index.php?rest_route=%2Fwp%2Fv2%2Fmedia&parent=9"}],"curies":[{"name":"wp","href":"https:\/\/api.w.org\/{rel}","templated":true}]}}